d 395055.
45
Calculate the highest common divisor of 918 and 13500.
54
What is the greatest common divisor of 7039926 and 54?
54
Calculate the highest common factor of 9856 and 2114.
14
What is the greatest common factor of 2240 and 268480?
320
What is the highest common factor of 956 and 78631?
239
What is the highest common divisor of 14560 and 32480?
1120
Calculate the greatest common divisor of 763 and 26923.
109
Calculate the highest common factor of 163611 and 2744.
343
What is the highest common factor of 181248 and 1176?
24
What is the highest common divisor of 14464 and 226?
226
Calculate the highest common divisor of 59810 and 130.
10
Calculate the highest common divisor of 84964 and 44.
44
What is the greatest common factor of 2898 and 29736?
126
What is the highest common divisor of 1242 and 17874?
54
What is the greatest common factor of 5974 and 6283?
103
What is the greatest common divisor of 730046 and 1228?
614
Calculate the greatest common divisor of 10392 and 18.
6
Calculate the greatest common divisor of 40 and 1135.
5
What is the highest common factor of 260 and 375460?
20
Calculate the greatest common divisor of 15689 and 58.
29
Calculate the greatest common divisor of 1391812 and 6980.
1396
Calculate the highest common factor of 238104 and 360.
72
What is the greatest common divisor of 178 and 15385430?
178
What is the greatest common divisor of 1753911 and 333?
333
Calculate the greatest common divisor of 118 and 189626.
118
Calculate the greatest common divisor of 175 and 281075.
25
Calculate the highest common factor of 303480 and 9.
9
Calculate the highest common divisor of 42 and 50505.
21
Calculate the greatest common divisor of 169520 and 65.
65
Calculate the greatest common divisor of 210 and 47985.
105
What is the greatest common divisor of 25177 and 2329?
17
Calculate the greatest common divisor of 280 and 3045.
35
What is the greatest common divisor of 1089 and 13552?
121
Calculate the highest common divisor of 144 and 304592.
16
What is the highest common divisor of 4272 and 69?
3
What is the greatest common factor of 132 and 1758207?
33
What is the highest common factor of 4845 and 30?
15
What is the highest common divisor of 133867 and 1315?
263
What is the highest common factor of 16655 and 760?
5
What is the greatest common divisor of 33 and 449229?
33
Calculate the highest common factor of 58 and 1444.
2
Calculate the greatest common divisor of 89733 and 63.
21
Calculate the highest common factor of 21232 and 80.
16
Calculate the highest common divisor of 2086 and 242572.
298
What is the highest common factor of 42133 and 35?
7
Calculate the highest common divisor of 330 and 225.
15
What is the greatest common factor of 558 and 2340?
18
Calculate the highest common divisor of 966 and 3878.
14
What is the highest common factor of 7672 and 1414?
14
What is the greatest common factor of 307 and 7463784?
307
Calculate the highest common divisor of 26268 and 1914.
66
What is the greatest common divisor of 13743 and 18144?
27
What is the greatest common factor of 11 and 1307?
1
What is the greatest common divisor of 11951 and 65379?
703
Calculate the highest common divisor of 77760 and 2020.
20
Calculate the greatest common divisor of 16 and 226.
2
What is the greatest common factor of 132 and 421168?
44
What is the highest common factor of 9 and 8166?
3
Calculate the highest common divisor of 4862 and 31416.
374
Calculate the highest common factor of 1014 and 390.
78
Calculate the greatest common factor of 255 and 56525.
85
Calculate the greatest common divisor of 50251 and 527.
31
What is the highest common factor of 8453537 and 361?
361
What is the greatest common factor of 4088 and 3080?
56
What is the greatest common factor of 11 and 484649?
11
Calculate the highest common factor of 200397 and 402.
201
What is the greatest common divisor of 1573 and 2?
1
What is the greatest common factor of 577448 and 38?
38
Calculate the greatest common factor of 7285 and 1.
1
Calculate the greatest common factor of 352 and 22396.
44
What is the highest common factor of 42738 and 153?
51
What is the highest common divisor of 88 and 2936?
8
What is the greatest common factor of 28 and 941?
1
Calculate the highest common factor of 9054 and 48366.
18
What is the highest common factor of 225 and 112175?
25
Calculate the highest common divisor of 1367196 and 12.
12
Calculate the greatest common divisor of 2970 and 4070.
110
What is the highest common divisor of 76336 and 208?
208
What is the highest common factor of 83159 and 3151?
137
What is the greatest common divisor of 141974 and 70?
14
Calculate the greatest common factor of 664598 and 22.
22
What is the greatest common factor of 18384 and 128?
16
What is the highest common divisor of 10530 and 32670?
270
What is the highest common factor of 82194 and 1862?
266
Calculate the highest common divisor of 9804 and 3116.
76
What is the highest common divisor of 76770 and 90?
90
Calculate the highest common factor of 501250 and 25.
25
Calculate the highest common factor of 612 and 26694.
18
What is the highest common factor of 1025 and 16810?
205
What is the highest common factor of 48057 and 2123?
193
What is the greatest common divisor of 3465 and 68355?
315
What is the greatest common divisor of 8096 and 297?
11
What is the highest common divisor of 322 and 92?
46
Calculate the highest common factor of 123225 and 300.
75
Calculate the greatest common factor of 576 and 9611424.
288
What is the greatest common factor of 2310 and 5838?
42
Calculate the greatest common divisor of 3640 and 685776.
728
What is the greatest common divisor of 192 and 75584?
64
What is the highest common factor of 11220 and 1236?
12
Calculate the greatest common factor of 2310994 and 28.
14
What is the highest common factor of 68203 and 6989?
241
Calculate the highest common factor of 96938 and 38.
38
What is the highest common divisor of 61 and 212951?
61
Calculate the highest common factor of 548 and 788.
4
Calculate the highest common factor of 40 and 5210.
10
Calculate the greatest common divisor of 11799 and 91333.
437
What is the highest common divisor of 38605 and 245?
35
Calculate the greatest common divisor of 20 and 8812.
4
What is the highest common divisor of 73920 and 385?
385
What is the greatest common factor of 77 and 4257?
11
What is the greatest common divisor of 87636 and 8284?
436
What is the highest common divisor of 3840 and 99?
3
Calculate the highest common divisor of 350260 and 15.
5
Calculate the greatest common factor of 16705 and 3120.
65
Calculate the highest common factor of 2 and 22536.
2
Calculate the highest common divisor of 19234 and 59.
59
What is the highest common factor of 414 and 937250?
46
Calculate the highest common factor of 822 and 959.
137
Calculate the greatest common divisor of 185392 and 112.
16
Calculate the greatest common factor of 528 and 353408.
176
What is the highest common factor of 119 and 3988999?
119
What is the highest common divisor of 36 and 20214?
18
Calculate the highest common divisor of 6786 and 17121.
39
What is the greatest common divisor of 237049 and 223?
223
Calculate the highest common divisor of 248542 and 14350.
574
What is the highest common divisor of 348 and 344955?
87
What is the highest common divisor of 9 and 164799?
9
What is the greatest common factor of 50 and 100550?
50
Calculate the highest common factor of 3114 and 465024.
1038
What is the greatest common divisor of 505035 and 559?
43
What is the greatest common divisor of 4902 and 190?
38
Calculate the highest common divisor of 6 and 117426.
6
Calculate the highest common divisor of 31 and 1271.
31
Calculate the highest common divisor of 335 and 16186865.
335
What is the greatest common factor of 2844 and 27?
9
Calculate the highest common factor of 633 and 5908.
211
What is the highest common factor of 165685 and 715?
65
What is the greatest common factor of 183 and 24217?
61
Calculate the greatest common divisor of 1648 and 92.
4
Calculate the highest common divisor of 882629 and 33.
11
Calculate the highest common divisor of 245096 and 2.
2
Calculate the highest common factor of 544 and 238323.
17
What is the greatest common divisor of 136437 and 63?
21
